 prime number?
False
Is 7621829447 prime?
False
Is 271435877 composite?
True
Is 1958852926 a prime number?
False
Is 3458815177 a composite number?
False
Is 3454588079 prime?
False
Is 38456923819 a prime number?
False
Is 2078561203 prime?
True
Is 2621471939 prime?
False
Is 901443523 composite?
False
Is 26558786307 a prime number?
False
Is 2592109727 a prime number?
True
Is 79266181 a composite number?
False
Is 549706123 composite?
True
Is 2182275041 a prime number?
False
Is 171867083 a prime number?
False
Is 508635667 a prime number?
True
Is 1295336919 a prime number?
False
Is 18037547747 a composite number?
True
Is 179996228647 a composite number?
False
Is 11207706941 a prime number?
False
Is 8150189101 a prime number?
True
Is 5396112047 composite?
False
Is 2089503293 composite?
False
Is 10272439097 prime?
True
Is 738781889 a prime number?
True
Is 223241071 a prime number?
False
Is 104354873149 a prime number?
False
Is 222579139 composite?
True
Is 6378719213 prime?
True
Is 6234453107 composite?
False
Is 880873681 prime?
True
Is 545549743 a composite number?
False
Is 7310755937 composite?
False
Is 4700231839 a composite number?
False
Is 3812672489 a prime number?
True
Is 13672429495 prime?
False
Is 451253617 a composite number?
True
Is 703418957 a prime number?
True
Is 29137817 composite?
False
Is 38117321849 a prime number?
False
Is 10268579359 prime?
False
Is 9704301209 a composite number?
True
Is 14153309803 prime?
False
Is 445959977 a composite number?
True
Is 12325226437 prime?
False
Is 26798295767 a composite number?
False
Is 9977706887 a composite number?
True
Is 4862727013 a prime number?
False
Is 9146119753 composite?
True
Is 5792510683 prime?
False
Is 44235507055 composite?
True
Is 434221511 a composite number?
False
Is 35454471007 composite?
False
Is 258006899 composite?
False
Is 4096528249 composite?
True
Is 86979103447 a prime number?
True
Is 4464859157 a composite number?
True
Is 591762907 a composite number?
False
Is 1459221539 a composite number?
True
Is 18662937001 composite?
False
Is 4991092637 composite?
False
Is 1866340673 composite?
False
Is 8161648087 a prime number?
True
Is 450535229 composite?
False
Is 229167413 a prime number?
False
Is 40303976623 composite?
False
Is 604998151 a prime number?
True
Is 3655553339 prime?
False
Is 142490591 a composite number?
False
Is 230273761 composite?
False
Is 1440487931 composite?
False
Is 51963587873 a prime number?
True
Is 55362082718 a composite number?
True
Is 488133319 a prime number?
False
Is 11087551819 prime?
True
Is 1730848787 a prime number?
True
Is 749102911 a composite number?
True
Is 1820564899 a composite number?
False
Is 7604037563 prime?
False
Is 9779237717 prime?
False
Is 5509422283 prime?
True
Is 8096627899 a prime number?
True
Is 336251339 a composite number?
False
Is 36475447 prime?
False
Is 106050095357 a composite number?
True
Is 201988000453 a composite number?
True
Is 1364288561 a prime number?
True
Is 113543408021 composite?
False
Is 1107994841 composite?
False
Is 7112813 composite?
True
Is 29454473131 prime?
True
Is 85513679549 composite?
True
Is 4409678291 a prime number?
False
Is 21040470929 composite?
False
Is 3999344603 composite?
False
Is 420216959 prime?
False
Is 1160106483 prime?
False
Is 24507613373 a prime number?
False
Is 22594415 a prime number?
False
Is 33538685023 a composite number?
True
Is 14404645373 a composite number?
False
Is 2052742899 a prime number?
False
Is 2694474287 a prime number?
False
Is 2653247411 prime?
True
Is 66956257 composite?
True
Is 602630369 prime?
False
Is 5097998263 a prime number?
False
Is 32431369 a prime number?
False
Is 2179640971 prime?
False
Is 354364968317 a composite number?
True
Is 7741004741 a prime number?
True
Is 15024411781 a composite number?
False
Is 3289105653 composite?
True
Is 4201457081 composite?
True
Is 14028823 composite?
False
Is 33779682679 a composite number?
True
Is 2845333 a prime number?
False
Is 24573576191 composite?
False
Is 737242309 prime?
False
Is 43948336703 composite?
False
Is 15815793733 a composite number?
True
Is 1282245713 composite?
True
Is 427569053 composite?
False
Is 24056135573 a composite number?
False
Is 8684836487 a prime number?
True
Is 3271879999 prime?
True
Is 3981931 prime?
False
Is 3973105511 a prime number?
True
Is 42907073141 composite?
False
Is 1289733629 prime?
True
Is 11108048923 prime?
True
Is 7247795837 composite?
False
Is 11622902909 composite?
False
Is 67275187993 prime?
False
Is 174336611 a prime number?
False
Is 3684142991 composite?
False
Is 10113556709 composite?
False
Is 618412493 a composite number?
True
Is 25749016331 composite?
False
Is 160127723341 a prime number?
True
Is 251771753 composite?
False
Is 370586129 prime?
True
Is 15112859471 prime?
True
Is 1465880782 composite?
True
Is 14337668459 a composite number?
True
Is 9492565997 prime?
False
Is 1059825307 composite?
True
Is 1041695141 a prime number?
True
Is 935331433 prime?
True
Is 85855713503 composite?
True
Is 1574421946 composite?
True
Is 141050752585 a composite number?
True
Is 427820886569 a composite number?
False
Is 11994052979 composite?
False
Is 9359166701 a composite number?
True
Is 294324845 prime?
False
Is 1583827411 a prime number?
True
Is 66544724101 prime?
True
Is 62657387249 a prime number?
True
Is 305217579481 composite?
False
Is 52791989 prime?
False
Is 2527931881 a prime number?
False
Is 3848505343 composite?
False
Is 26231789 prime?
True
Is 12833637823 a composite number?
False
Is 108645967289 prime?
False
Is 594392173 a composite number?
True
Is 382359517 a prime number?
False
Is 6354636059 composite?
False
Is 503220269 prime?
True
Is 53209786427 prime?
False
Is 13737543649 a composite number?
False
Is 8420290985 prime?
False
Is 822527059 a composite number?
False
Is 1692303107 a composite number?
True
Is 5731184983 a prime number?
True
Is 481868939 a composite number?
True
Is 1918500559 prime?
True
Is 8004805967 composite?
True
Is 82484571581 prime?
True
Is 2526899539 a composite number?
False
Is 1478037803 a composite number?
True
Is 4871328407 a prime number?
False
Is 53651217283 a prime number?
False
Is 56118629227 prime?
False
Is 2737523467 composite?
True
Is 811088669 prime?
True
Is 143653156557 a composite number?
True
Is 1538006879 composite?
True
Is 30823981037 prime?
True
Is 2283777397 a composite number?
True
Is 14824794269 a prime number?
True
Is 8097425423 composite?
False
Is 2596680641 composite?
True
Is 11153394859 prime?
True
Is 786248879 a composite number?
True
Is 137768101 a composite number?
False
Is 16367403889 a prime number?
True
Is 5944310191 prime?
True
Is 1461425353 composite?
True
Is 5826804661 a prime number?
False
Is 90736220041 a prime number?
True
Is 948239927 composite?
False
Is 1323202987 prime?
True
Is 2262091397 a prime number?
True
Is 1237010177 composite?
True
Is 3206479471 prime?
False
Is 77964106127 prime?
True
Is 553746463 composite?
False
Is 769860953 prime?
False
Is 35775676421 composite?
True
Is 8489326337 prime?
False
Is 731776183 prime?
False
Is 7390327493 composite?
False
Is 113376592453 a composite number?
False
Is 45299133665 a prime number?
False
Is 14396643551 a composite number?
False
Is 489599731 a prime number?
True
Is 2737746437 composite?
False
Is 1279990763 prime?
False
Is 97389529 a composite number?
True
Is 109210627859 composite?
True
Is 26064630965 a prime number?
False
Is 1537560317 a composite number?
False
Is 50630021929 prime?
True
Is 495838061 a composite number?
False
Is 4335015871 composite?
False
Is 17461915061 a composite number?
False
Is 248550573 composite?
True
Is 1886286422 a composite number?
True
Is 1756943763 composite?
True
Is 24679050959 prime?
True
Is 599569777 composite?
True
Is 4308067439 composite?
True
Is 1344882127 a composite number?
True
Is 52436062619 prime?
True
Is 1382175413 composite?
True
Is 4451140609 a composite number?
False
Is 19278653257 a prime number?
True
Is 142676519 composite?
True
Is 16561261 a composite number?
True
Is 110538317 prime?
False
Is 14931919879 prime?
True
Is 2705114155 prime?
False
Is 49128468541 composite?
False
Is 1225347059 a composite number?
False
Is 681026483 prime?
True
Is 20499246587 a prime number?
False
Is 222362641 prime?
True
Is 70377722783 compo